rmine z(-8).
-8
Let x(c) = c**2 + 121*c + 1934. Determine x(-16).
254
Let a(c) = 2*c**3 + 63*c**2 + 74*c - 481. Calculate a(-30).
-1
Let b(m) = -11*m**2 + 239*m + 719. Give b(-3).
-97
Let r(t) = 21*t**2 - 26*t + 31. What is r(2)?
63
Let o(y) = 3*y**2 - 87*y - 280. Calculate o(-3).
8
Let g(j) = 278*j - 36. Calculate g(-2).
-592
Let a(c) = 185*c**3 - c**2 - 25*c - 24. Determine a(-1).
-185
Let z(q) = 34*q - 1754. What is z(52)?
14
Let f(l) = -l**2 - 93*l - 949. What is f(-81)?
23
Let j(a) = 17*a - 233. What is j(12)?
-29
Let h(d) = -77*d - 269. What is h(-6)?
193
Let l(q) = q**2 + 128*q + 104. Give l(-128).
104
Let x(h) = -59*h + 438. Give x(7).
25
Let q(p) = p**3 + 74*p**2 - 148*p + 313. What is q(-76)?
9
Let y(o) = o**3 + 10*o**2 + 11*o + 24. Give y(-9).
6
Let m(k) = -880*k - 4401. What is m(-5)?
-1
Let z(j) = 2*j**3 + 17*j**2 - 8*j - 176. Calculate z(-7).
27
Let l(z) = -z**2 - 1245*z + 29168. What is l(23)?
4
Let r(g) = -g**3 - 11*g**2 - 5*g + 99. What is r(-11)?
154
Let s(i) = -i**3 - 12*i**2 - 20*i + 123. What is s(-7)?
18
Let y(z) = z**2 - 14*z - 185. Give y(22).
-9
Let c(r) = -r**3 - 3*r**2 + 48*r + 61. Calculate c(6).
25
Let k(m) = m**3 + 15*m**2 - 110*m - 1669. Determine k(-15).
-19
Let m(b) = 6*b**3 + 23*b**2 + 4*b - 6. Give m(-4).
-38
Let x(k) = 9*k - 503. Calculate x(13).
-386
Let c(x) = -x**3 + 93*x**2 - 343*x - 58. What is c(4)?
-6
Let c(f) = -2*f**2 - 290*f - 18. What is c(-145)?
-18
Let y(j) = -21*j**2 + 20*j - 42. What is y(2)?
-86
Let c(g) = -g**3 + 14*g**2 + 119*g + 16. Calculate c(20).
-4
Let z(v) = v**3 - 19*v**2 - 77*v - 3. Give z(22).
-245
Let z(r) = -r**3 - 45*r**2 + 544*r - 367. Determine z(-55).
-37
Let d(q) = -1004*q - 85338. Calculate d(-85).
2
Let s(k) = 39*k**2 - 187*k - 3. Calculate s(6).
279
Let s(l) = 56*l + 7320. Determine s(-131).
-16
Let v(m) = -2*m + 42. Calculate v(5).
32
Let t(n) = -44*n**2 + 520*n + 60. What is t(12)?
-36
Let x(f) = -f**2 - 2477*f - 210234. Calculate x(-88).
-2
Let t(a) = a**3 - 11*a**2 - 25*a + 8. What is t(13)?
21
Let f(s) = 19316*s - 115901. Determine f(6).
-5
Let j(a) = a**2 - 69*a + 600. Calculate j(55).
-170
Let q(a) = 124*a**2 + 96*a. Calculate q(-1).
28
Let y(d) = 122*d + 246. What is y(-2)?
2
Let n(b) = -5*b**3 + 24*b**2 - 838*b + 4201. What is n(5)?
-14
Let n(j) = 39*j + 1288. Calculate n(-33).
1
Let q(w) = 30*w + 1105. Calculate q(-38).
-35
Let s(n) = -n**2 + 16*n + 312. Give s(29).
-65
Let a(u) = 89*u - 62. What is a(2)?
116
Let d(g) = -3*g**2 + 4*g + 175. Give d(-7).
0
Let y(u) = u**2 + 88*u - 4326. Determine y(35).
-21
Let i(r) = r**3 + 58*r**2 - 61*r - 106. Calculate i(-59).
12
Let d(s) = -2*s**2 - 69*s + 433. What is d(-40)?
-7
Let h(x) = x**3 + 76*x**2 + 2*x + 161. What is h(-76)?
9
Let b(p) = -2*p**2 + 654*p + 15361. Determine b(-22).
5
Let k(b) = b**3 - 17*b**2 + 7*b - 16. Calculate k(8).
-536
Let z(p) = p**3 - 59*p**2 - 65*p + 146. Give z(60).
-154
Let l(j) = -j**2 + 883*j + 13517. Determine l(-15).
47
Let o(b) = -16*b + 3. Calculate o(-14).
227
Let y(a) = -77*a + 866. Determine y(11).
19
Let y(h) = -h**3 - 40*h**2 - 142*h + 34. What is y(-36)?
-38
Let h(l) = -6*l**2 + 3*l + 38. Determine h(-5).
-127
Let o(z) = -185*z**2 - z + 6. Give o(1).
-180
Let y(b) = b**2 - 245*b + 4517. What is y(20)?
17
Let s(m) = -58*m - 1184. Give s(-37).
962
Let f(b) = b**3 + 23*b**2 - 30*b - 1153. What is f(-22)?
-9
Let u(q) = -3*q**2 + 4*q + 51. What is u(-5)?
-44
Let w(r) = 3*r**3 + r**2 - r + 29. Give w(4).
233
Let u(a) = a - 80. Determine u(36).
-44
Let c(z) = -3*z**2 + 111*z - 218. What is c(2)?
-8
Let r(q) = -185*q - 889. What is r(-5)?
36
Let x(w) = w**3 + 24*w**2 + 113*w + 95. Give x(-18).
5
Let k(b) = -2*b**2 - 99*b - 387. Calculate k(-45).
18
Let c(t) = -2*t**3 - t**2 + 21*t + 28. Determine c(5).
-142
Let z(c) = 2*c**3 - 12*c**2 - 80*c. Determine z(-4).
0
Let r(t) = 2*t**3 + 29*t**2 + 59*t + 307. Give r(-13).
47
Let x(j) = 2*j**3 + 36*j**2 + 160*j - 6. Determine x(-10).
-6
Let j(l) = 4*l**3 + 50*l**2 - 27*l - 19. Calculate j(-13).
-6
Let h(l) = 2*l**3 - 27*l**2 + 8*l - 16. What is h(13)?
-81
Let n(t) = -12*t**3 - 4*t**2 + t + 7. What is n(3)?
-350
Let g(k) = -75*k + 1795. What is g(19)?
370
Let l(c) = 27*c - 217. Determine l(10).
53
Let m(h) = 343*h + 2527. Determine m(-7).
126
Let a(r) = r**3 + r**2 + 201*r - 636. What is a(3)?
3
Let t(o) = 12*o**2 - 897*o + 1529. Determine t(73).
-4
Let y(o) = 19*o**2 + 5*o - 4. What is y(-2)?
62
Let l(z) = z**2 - 44*z + 14. Determine l(41).
-109
Let o(x) = -2*x**2 + 66*x + 1088. Determine o(45).
8
Let q(m) = -21*m + 53. What is q(-9)?
242
Let i(z) = -13*z + 544. Determine i(29).
167
Let p(i) = -2*i**2 + 79*i - 112. Calculate p(38).
2
Let y(a) = -11*a + 87. What is y(6)?
21
Let j(n) = -75*n + 203. Give j(2).
53
Let r(n) = -n**3 - 10*n**2 - 6*n + 29. Determine r(-9).
2
Let h(u) = -u**3 - 16*u**2 - 34*u - 12. Give h(-14).
72
Let t(p) = 179*p**2 - 77*p + 4. Determine t(2).
566
Let w(l) = -8*l + 35. What is w(6)?
-13
Let o(t) = -14*t - 757. Give o(-52).
-29
Let u(v) = v**3 - 66*v**2 - 228*v + 1447. Calculate u(69).
-2
Let y(j) = -3*j + 97. What is y(21)?
34
Let s(d) = 18*d - 20. Calculate s(1).
-2
Let s(b) = 2*b**2 + 33*b - 145. What is s(-20)?
-5
Let x(a) = 13*a**2 + 177*a - 286. What is x(-15)?
-16
Let o(m) = -2*m**3 - 298*m**2 - 303*m - 716. Calculate o(-148).
320
Let g(x) = 65*x - 12. Determine g(1).
53
Let g(o) = 1409*o - 11285. What is g(8)?
-13
Let n(s) = 272*s + 310. Calculate n(-3).
-506
Let d(i) = -i**3 - 109*i**2 - 82*i + 2804. Calculate d(-108).
-4
Let o(h) = h**3 - 15*h**2 + 20*h + 8. Calculate o(7).
-244
Let y(m) = m**2 + 44*m + 55. What is y(-41)?
-68
Let b(r) = 12*r**2 + 124*r + 8. Determine b(-10).
-32
Let a(b) = -b**3 + 23*b**2 - 123*b + 2809. What is a(23)?
-20
Let y(t) = -119*t - 247. What is y(-2)?
-9
Let i(u) = 20*u**2 - 98*u + 190. Calculate i(2).
74
Let v(o) = -201*o + 1608. Give v(8).
0
Let y(s) = -57*s + 121. Give y(4).
-107
Let r(d) = 6*d**3 + 19*d + 34. Give r(-2).
-52
Let k(m) = -m**3 + 14*m**2 - 56*m + 51. Calculate k(7).
2
Let o(t) = 4*t**3 - 107*t**2 - 27*t + 7. Calculate o(27).
7
Let i(y) = 48*y**2 + 326*y - 1414. What is i(3)?
-4
Let j(v) = 251*v + 1615. Calculate j(-6).
109
Let h(d) = -10*d + 663. Give h(64).
23
Let r(t) = 3*t**3 - 36*t**2 + 8*t + 22. Give r(11).
-253
Let w(a) = -12*a - 1125. Give w(-93).
-9
Let c(g) = -267*g + 18. What is c(1)?
-249
Let s(g) = 5*g**2 + 29*g - 35. Determine s(-7).
7
Let r(h) = 104*h**3 - 1873*h**2 + 20*h - 27. Determine r(18).
9
Let a(q) = q**3 + 7*q**2 - 252*q + 246. Calculate a(12).
-42
Let k(u) = -u**3 - 5*u**2 + 7*u + 25. What is k(-8)?
161
Let m(w) = -265*w - 10070. Calculate m(-38).
0
Let o(s) = 3*s**2 - 205*s + 15. What is o(68)?
-53
Let d(w) = 9*w**2 - 13*w + 6. Give d(1).
2
Let s(c) = 2*c**2 - 718*c + 7783. What is s(11)?
127
Let q(u) = 6*u**2 - 603*u + 8515. Calculate q(17).
-2
Let y(n) = -2*n**3 + 109*n**2 - 79*n + 1346. Determine y(54).
-4
Let m(y) = -y**2 - 242*y + 484. Determine m(2).
-4
Let y(x) = x**3 + x**2 - 5*x + 9. Calculate y(-3).
6
Let k(p) = p**3 + 15*p**2 + 122*p + 412. Give k(-6).
4
Let f(i) = -2*i**3 + 26*i**2 - 57*i - 61. What is f(6)?
101
Let f(x) = x**3 + 113*x**2 + 219*x - 359. What is f(-111)?
-26
Let s(h) = h**3 - h**2 - 5*h + 63. What is s(4)?
91
Let s(t) = -t**2 + 53*t - 434. Give s(12).
58
Let a(k) = -2*k**2 - 154*k - 1454. Determine a(-66).
-2
Let x(o) = -o**3 + 3*o**2 + 7*o + 23. Give x(7).
-124
Let w(y) = -2*y**3 - 21*y**2 - 33*y + 4. Determine w(-10).
234
Let x(i) = -49*i + 1541. Determine x(34).
-125
Let c(v) = 6*v**2 + 85*v + 280. Give c(-9).
1
Let x(s) = -s**2 - 56*s - 209. Calculate x(-49).
134
Let t(h) = -98*h - 1190. Give t(-10).
-210
Let i(n) = 1512*n - 9280. Give i(6).
-208
Let q(x) = -310*x + 1866. Give q(6).
6
Let o(z) = -z**2 - 68*z - 592. What is o(-42)?
500
Let d(l) = l**3 + 12*l**2 - 338*l - 366. Calculate d(-25).
-41
Let c(x) = 33*x - 46. What is c(7)?
185
Let t(i) = -33*i - 2686. Calculate t(-72).
-310
Let r(j) = -15*j - 100. Calculate r(-21).
215
Let o(c) = -c**3 + 45*c**2 + 198*c - 101. What is o(49)?
-3
Let q(p) = 3*p - 142. Give q(28).
-58
Let d(n) = n**2 - 254*n + 1498. Determine d(6).
10
Let c(r) = -r**2 - 11*r + 255. Give c(13).
-57
Let k(z) = -9*z**2 - 47*z + 221. What is k(-11)?
-351
Let z(i) = -i**3 + 14*i**2 - 55